2/2*-5. Calculate the greatest common divisor of 54 and w.
27
Let f be ((-4)/10)/((9/10)/(-9)). Suppose -37 = -3*s + f*v, 43 = 3*s + 2*s - 2*v. What is the greatest common factor of 63 and s?
7
Let r = 252 + -83. What is the highest common divisor of 39 and r?
13
Let b be (-1 - -3)/(0 + 1). Suppose 2*f - 11 = -1. Let w(v) = v**3 - 5*v**2 + v - 2. Let z be w(f). What is the highest common divisor of b and z?
1
Suppose 5*u = 3 + 22. Suppose u*x + w - 136 = 3*w, 87 = 3*x - 3*w. Suppose -5*z = h - 261, -5*h - 2*z + 1425 = -z. What is the highest common factor of x and h?
26
Suppose -773 = -17*y - 110. What is the highest common factor of y and 429?
39
Let d(j) = -6*j - 15. Let f be d(-5). Let p(h) = h + 36. Let a be p(f). Calculate the greatest common factor of 17 and a.
17
Let x be 69/23*(-40)/6. Let u be (10/(-25))/(4/x). Calculate the greatest common factor of u and 5.
1
Suppose v - 852 = 4*r, 4*v = 9*r - 6*r + 3447. Calculate the greatest common divisor of v and 27.
27
Suppose 5*x - 2 = -3*t, 0 = 4*t - x - 0*x - 41. Let o = 93 - 87. Calculate the greatest common factor of o and t.
3
Suppose -o - 3*b + 52 = 0, -o = -4*o + 3*b + 168. Let n be ((-7 - 32) + (2 - -4))/(-1). Calculate the greatest common divisor of o and n.
11
Let v be (16 + 1104)/(-14)*(-4)/10. What is the highest common factor of v and 400?
16
Let o be (-8)/(-10)*(-1 - -6). Let g be (0 - -50) + (-21)/7. Let s = g - 43. What is the highest common factor of s and o?
4
Let g(v) = -12*v**3 - v**2 + 2*v + 2. Let x(w) = w. Let c be x(-2). Let q be g(c). What is the highest common factor of 18 and q?
18
Let i(p) = 9*p - 193. Let u be i(32). What is the highest common factor of u and 19?
19
Suppose 65 = 9*y + 2. What is the greatest common divisor of 161 and y?
7
Let c = 2 - -18. Suppose o + 0*o = 0. Suppose -2*d = -w - 150 - 11, 4*w + 4 = o. Calculate the greatest common divisor of d and c.
20
Suppose -4*p + 8*p = 140. Suppose 323 - p = 4*t. Let i be 1*7 - 8/(-8). What is the greatest common divisor of t and i?
8
Suppose -45 = -3*s + 3*k, -3*k = 2*s - 5 - 5. Let z = -18 + 14. Let n be (76 - z)/2 + 4. Calculate the highest common divisor of s and n.
11
Suppose -4*z = -5*o - 57, 18*z - 20*z + 29 = -3*o. Let k(r) = 14*r - 6. Let q be k(5). Let m = 103 - q. Calculate the greatest common divisor of m and z.
13
Let d(l) = l**2 - 9*l + 21. Suppose 0 = -4*i - 2*u + 26, 0 = i - 0*i - 2*u - 9. Let q be d(i). What is the highest common divisor of 63 and q?
7
Suppose -4*m + 210 = m. Suppose -o - 3*k + 15 = 0, 2*o + 12*k - 8*k - 20 = 0. Let b = o + 14. What is the highest common divisor of b and m?
14
Suppose -4*x + 156 = -84. Suppose 6*a - 17 - 55 = 0. Calculate the greatest common factor of a and x.
12
Let k be -6*-8*1/2. Let f = 94 - 40. Let j = 90 - f. Calculate the greatest common factor of j and k.
12
Let k(y) = -y + 94. Let o be k(17). Calculate the highest common divisor of o and 7.
7
Let g = 27 + -32. Let i(c) = -c**3 - 2*c**2 + c + 7. Let a be i(g). What is the highest common factor of a and 11?
11
Let j be 5*(16/20)/2. Suppose 27 - 15 = -j*x. Let u(n) = -n**3 - 4*n**2 + 4*n + 1. Let r be u(x). What is the highest common divisor of r and 7?
7
Suppose -535 + 1575 = 130*p. Suppose -2*m + 149 = -3*c - 2*c, -m - 5*c + 67 = 0. Calculate the highest common divisor of m and p.
8
Suppose 9 = -3*q - 12. Let j be 282/4 + 3 + q/2. Calculate the greatest common divisor of 7 and j.
7
Let m be (-48 + 12)/(8/(-20)). Suppose -j = -z + 7, z - 10 = 2*j - 5. Calculate the greatest common factor of m and z.
9
Let y(c) = 2*c - 7. Let u be y(6). Let b = -70 + 100. Suppose 4*x - 30 = 5*n, -16 = -u*x + 2*n + b. What is the greatest common factor of 50 and x?
10
Let b = -79 + 54. Let x = b + 49. Calculate the greatest common divisor of 96 and x.
24
Let x = 590 + -346. Suppose -f + x = 5*s, -150 + 38 = -2*s - 4*f. Suppose 21*t - 289 = -37. What is the greatest common factor of s and t?
12
Suppose -28 - 20 = 4*j. Let w(b) = -b**3 - 10*b**2 + 17*b - 3. Let g be w(j). Suppose -i = 4*i - 45. What is the greatest common factor of i and g?
9
Suppose -4 = -3*f + 2*o + 44, f - o - 15 = 0. Let s be (4/(-10))/((-4)/20). What is the highest common divisor of s and f?
2
Let s = -30 + 30. Suppose 0 = -s*z + z - a - 14, a - 14 = -z. Calculate the greatest common divisor of z and 35.
7
Suppose -u + 1 = -3*n, -11 + 14 = 3*u - 3*n. Suppose -3*y = 3 + 9, 0 = -4*j + 4*y + 20. Calculate the highest common divisor of j and u.
1
Let t = -50 + 55. Suppose 3*n = -5*w + 905, -t*n - 2*w = 2*w - 1504. Calculate the highest common divisor of 12 and n.
12
Let u(v) = -v**3 + 5*v**2 - 5*v + 10. Let l be u(3). Calculate the greatest common factor of 13 and l.
13
Let f(l) = -31*l - 178. Let t be f(-8). What is the greatest common divisor of 245 and t?
35
Suppose 4*b + 41 = x, 2*b = -5*x - 0*x + 227. Calculate the highest common factor of x and 9.
9
Let n = 22 - 3. What is the greatest common factor of n and 76?
19
Let r be 192 - -12 - (5 - 1). Let l be (-2)/(-2 - r/(-105)). Calculate the greatest common factor of l and 14.
7
Suppose 4*g + 1621 = 3221. Calculate the highest common divisor of g and 240.
80
Let b = 2985 - 2691. Calculate the greatest common divisor of 12 and b.
6
Let t be ((-4)/6)/(188/96 + -2). Calculate the greatest common factor of t and 392.
8
Let a = -8 + 9. What is the highest common factor of a and 17?
1
Suppose -32*g + 36*g = -100. Let r = g + 36. Calculate the highest common factor of 88 and r.
11
Let m be 2/14 + (-2008)/(-56). Let i be 76/18 - 8/m. Calculate the highest common divisor of i and 4.
4
Suppose -702 = -4*f + 894. Calculate the greatest common factor of f and 21.
21
Suppose -2*y + 418 = 3*y + 2*z, 3*y + 3*z = 258. Suppose 0 = 4*a - 3*i + 2*i - 155, -2*a + 2*i + y = 0. Calculate the highest common divisor of 19 and a.
19
Let x = 60 + -14. Suppose 2*r + 8 = x. Calculate the greatest common factor of 95 and r.
19
Let t(j) = j + 20. Suppose -2*r - 6*l = -l + 46, 0 = -r + 4*l + 3. Let x be t(r). Let c be -4 - (-7)/(x/22). What is the highest common factor of c and 6?
6
Suppose -55*d + 52*d = 102. Let k be (d/6)/((-1)/30). What is the highest common factor of k and 34?
34
Suppose -3*b + 62 = -754. Calculate the highest common divisor of 68 and b.
68
Let b = 135 + -80. Suppose -25 = 5*k - b. Calculate the highest common divisor of k and 3.
3
Let r(d) = -27*d + 207. Let k be r(-5). Calculate the greatest common divisor of k and 18.
18
Suppose -2*k - 7 = -31. Let u(z) = z**2 + 12. Let w(c) = -c. Let m(o) = u(o) + w(o). Let n be m(0). Calculate the highest common divisor of n and k.
12
Let y be 4*6/(-12) + 44. Calculate the greatest common factor of 546 and y.
42
Suppose -40 = -2*v - 0. Suppose -2*o + v = 4*n, 0*n = 2*o + n - 23. Let x = o - 7. What is the highest common factor of x and 35?
5
Let z = -4 + 7. Suppose -q = z*q - 24. Let w(d) = -d**3 - 2*d**2 + 3*d - 12. Let u be w(-5). Calculate the highest common divisor of u and q.
6
Let l = -244 + 295. Calculate the highest common divisor of 27 and l.
3
Let z(h) = -h**2 + 12*h - 16. Let d be z(13). Let w = d - -69. Calculate the highest common factor of 8 and w.
8
Let r be (72/9)/((-2)/(-8)). Suppose -5*d = 4*j - 162, 0*d - r = -j + 3*d. Calculate the highest common factor of j and 19.
19
Let m = -16 - -78. Suppose -62 = -25*l + 23*l. What is the greatest common factor of l and m?
31
Let s = 2746 + -1706. What is the highest common factor of 65 and s?
65
Let r(s) = 2*s**2 - 3*s - 17. Let k be r(-3). Let b be 2 + 115/k - 2/4. What is the highest common divisor of 117 and b?
13
Let p(y) = y**3 + y**2 - y + 60. Let l be p(0). Let v(x) = 22 - 6 + 128*x - 123*x + 26. Let h be v(-6). What is the highest common factor of h and l?
12
Suppose -2*n - 48 = 11*u - 13*u, -5*u - 5*n + 160 = 0. What is the highest common divisor of 252 and u?
28
Let o = -15 + 17. Let w(g) = 7 - g**3 + 0*g - 5*g - 5*g**o + 0*g**2. Let a be w(-5). What is the highest common factor of 4 and a?
4
Suppose 0 = 10*l - 219 - 41. Suppose -5*s = -94 - l. Calculate the highest common divisor of s and 30.
6
Let t(w) = w**2 + 5*w + 30. Let s be t(-21). What is the greatest common divisor of 6 and s?
6
Suppose -60*g - 215 = -65*g. Calculate the greatest common factor of 387 and g.
43
Suppose 1051*y = 1055*y - 153